mmon divisor of q and 6?
6
Let f(r) = r**2 - 9*r + 12. Let o be f(-3). Calculate the highest common divisor of 68 and o.
4
Let a(f) = 2*f**3 - 18*f**2 - 16*f + 4. Let i be a(11). What is the greatest common divisor of i and 96?
24
Let s be (-19)/(-3) - (-2)/3. Let c(p) = -13*p - 43. Let q be c(-6). Calculate the highest common divisor of q and s.
7
Suppose 7*u = 4*u. Suppose 3*o + 3*w + 15 = u, -5*w + 4 = 4*o + 27. Let r be (o/(-3))/(6/45). What is the greatest common divisor of 20 and r?
5
Let w = 81 - 62. Let f be (-1 + 7)*w/38. What is the greatest common divisor of 12 and f?
3
Suppose 4*j + q = 3*j + 23, -4*j + 62 = -2*q. Let g(y) = -10*y. Let d be g(-1). Suppose d*h - 18 = 7*h. Calculate the highest common divisor of h and j.
6
Suppose -3*k = 4*y - 565 - 135, y + 5*k - 175 = 0. Calculate the greatest common divisor of 7 and y.
7
Let p = 50 + 27. Let b be -4*(-2 - (-39)/6). Let i be ((-3)/(-2))/(b/(-132)). Calculate the highest common divisor of i and p.
11
Let d = 610 + -363. Calculate the highest common divisor of 13 and d.
13
Suppose -3*j + 20 + 40 = 0. Let f = 29 - j. What is the highest common factor of f and 54?
9
Let h = -553 + 554. Suppose -25 - 39 = -2*g. Suppose -x = -5*x + g. Calculate the greatest common factor of h and x.
1
Suppose -4*y + 25 = 3*i, 4*i = -4*y + 15 + 9. What is the highest common divisor of y and 14?
7
Let o(f) = f**3 + 13*f**2 - 16*f - 21. Let c be o(-14). Let r be (3 - -3)*(0 - -1). Suppose 245 = r*x - x. What is the highest common factor of x and c?
7
Suppose 2*v - 5*v = -2*u + 4, -3*u + 3*v = 0. Let p be (2/u)/((-1)/(-4)). Let f be ((-28)/(-8))/(p/(-132)). What is the greatest common divisor of 21 and f?
21
Suppose 2*k - 9 - 1 = 0. Suppose 0 = -17*n + 6*n + 165. Calculate the greatest common factor of k and n.
5
Let l = 200 + -186. What is the highest common divisor of l and 49?
7
Let l = 744 - 694. Calculate the highest common divisor of 175 and l.
25
Let m = 190 + -146. Calculate the greatest common divisor of m and 66.
22
Let p(g) = 56*g - 485. Let v be p(9). Calculate the greatest common factor of 1691 and v.
19
Let o = -69 + 98. Suppose -3 - o = -4*w. Suppose 5*t - 4 = 3*t. Calculate the highest common factor of w and t.
2
Let n(j) = 3*j**3 - 5*j**2 - 2*j**3 + 6 - 4*j + 11*j**2. Let g be n(-5). Suppose 8*b - g = 5*b. Calculate the highest common divisor of b and 136.
17
Let c be 1 + (6 + -5 - 39/(-1)). Calculate the highest common divisor of c and 1312.
41
Let i = -583 + 616. Calculate the highest common factor of i and 77.
11
Let z be 2 + 224/12 - 2/3. Let h = z - 11. What is the highest common divisor of 36 and h?
9
Suppose 0*o = -3*o - 12. Let t be 6072/(-16)*o/6. What is the highest common factor of t and 23?
23
Let t = -583 - -1055. Calculate the highest common divisor of 8 and t.
8
Let y = 369 - 367. What is the greatest common factor of y and 16?
2
Let d = 38 + -37. Let x be (d*2)/(11/121). What is the highest common factor of x and 2?
2
Suppose -85 = -2*p - 3*p. Let d(b) = b**3 + 3 + 12*b**2 + b + 7 - 3*b. Let w be d(-12). Calculate the highest common divisor of w and p.
17
Let s be 6/8 + (-531)/(-12). Suppose 0 = -5*g, -g = 5*z - 4 - 1. Let b be (z - -26)*(-10)/(-15). What is the greatest common factor of s and b?
9
Suppose -k + 420 = 13*k. Calculate the greatest common divisor of k and 255.
15
Suppose 3*v - 4*i - 154 + 20 = 0, 4*v - 220 = -5*i. What is the greatest common factor of 5 and v?
5
Suppose 4*o - 5*s = -s + 20, -45 = -4*o - s. What is the greatest common factor of o and 50?
10
Let g be 0/2 - (-1 - (-3 - -4)). Suppose g = f - 8. What is the highest common factor of f and 50?
10
Suppose -6*m - 98 + 254 = 0. Let v be m/65 - (-436)/10. Calculate the greatest common divisor of v and 22.
22
Let t(n) = 22*n - 123. Let q be t(6). Let h(w) = w**2 + 63. Let x be h(0). Calculate the greatest common divisor of q and x.
9
Suppose -5*c + w = -237, -5*w = -16*c + 21*c - 255. Calculate the greatest common divisor of 192 and c.
48
Let p(k) = k**2 - k - 3. Let b be 13/(-39) - (-14)/6. Let x = -1 - b. Let q be p(x). What is the greatest common divisor of 36 and q?
9
Suppose 5*l + c - 3*c = 25, 0 = -4*l - 2*c + 2. Let n be ((-106)/(-2))/1 + l. Suppose -j = -2*j + 8. Calculate the greatest common divisor of n and j.
8
Let l = -22 - -31. Suppose -2*u + l + 32 = -3*t, -5*u + 77 = t. Suppose 5 - 1 = 2*m. What is the greatest common divisor of m and u?
2
Let y = -462 + 474. Suppose -4 = 6*v - 2*v, -533 = -4*a + 5*v. Calculate the highest common factor of y and a.
12
Let r(g) = 116*g**2 + 5*g - 6. Let q be r(2). What is the highest common divisor of 65 and q?
13
Let w be (-24)/(-5)*105/14. Let d(j) = -8*j**2 - 3*j - 2. Let q be d(-2). Let c = 40 + q. Calculate the greatest common divisor of w and c.
12
Let f = 2577 + -1358. What is the greatest common divisor of 53 and f?
53
Let s = -2 - 3. Let w = s + 71. Calculate the greatest common factor of w and 6.
6
Let j be (46 - -44)*(-12)/(-10). Calculate the highest common divisor of j and 4.
4
Suppose 1 = -4*f + 17. Suppose -5*k - 4*l + 109 = -198, 2*l + 256 = f*k. Let y be (-14)/k + (-454)/(-18). Calculate the greatest common factor of 10 and y.
5
Let a be 4/12*57 + 6. What is the highest common divisor of 225 and a?
25
Let m(t) = 12. Let i(b) = -b - 24. Let g(d) = -6*i(d) - 11*m(d). Let n be g(5). What is the greatest common divisor of 14 and n?
14
Suppose 0*p = 2*p. Let q = 3 + p. Suppose x - 76 = -4*w + 5*x, -2*w = -q*x - 37. Calculate the greatest common divisor of w and 180.
20
Let j = -18 + 20. Suppose j*d - 96 = -d. Suppose d + 12 = 2*l. Calculate the greatest common factor of 22 and l.
22
Suppose -375 = -2*t + 3*d, -5*t + 943 = -351*d + 349*d. What is the greatest common factor of 1449 and t?
63
Let y = -397 - -404. Calculate the greatest common factor of y and 7.
7
Suppose 1 = -11*p + 100. Calculate the greatest common divisor of 162 and p.
9
Let r = 3 + 37. Suppose 11 + 4 = 3*f. Calculate the greatest common factor of f and r.
5
Let n be ((-6)/3)/(10/(-15)). Suppose 79 = 4*r - h, 143 = 5*r + n*h + 57. Let w = 31 - r. Calculate the greatest common factor of w and 12.
12
Let r(b) = -26*b - 254. Let j be r(-10). What is the highest common factor of j and 10?
2
Let x be ((-34)/5)/(1/5). Let o be x/6*(8/(-4) + -4). Calculate the greatest common factor of 306 and o.
34
Suppose 4 = 4*l - 12. Let g = 2 + l. Let y(p) = -p**2 + 8*p + 3. Let d be y(6). Calculate the highest common divisor of d and g.
3
Let b(x) = -3*x + 125. Let y be b(9). What is the greatest common factor of 98 and y?
98
Suppose 0 = -5*g + y + 454, g = y + 1971 - 1881. Let i be -13*(-4)/2 - 0. Calculate the highest common factor of i and g.
13
Let s be (266/(-49))/((-6)/21). What is the highest common factor of 228 and s?
19
Let r(n) = 3*n - 19. Let h be r(9). Suppose 2*u - h*u = -144. Calculate the highest common factor of u and 12.
12
Let z = -10 + 10. Let x be (28 + z)*(-1)/(16/(-12)). What is the greatest common factor of 28 and x?
7
Let l(v) = 1019*v - 32. Let o be l(1). Calculate the greatest common divisor of 21 and o.
21
Suppose -y - 5*n - 731 = 0, 0 = -2*y - n - 442 - 1011. Let z be ((-32)/(-48))/((-4)/y). Calculate the highest common factor of 11 and z.
11
Suppose -2*x + 6074 = 4*o, -x - 2 = -3*x. Calculate the greatest common factor of 66 and o.
66
Let v = 54 + -48. Suppose 4*r + 24 + 12 = 0. Let s = r - -24. Calculate the greatest common factor of s and v.
3
Let x(j) = 2*j**3 - 10*j**2 + 7*j - 14. Let r be x(5). What is the highest common divisor of 63 and r?
21
Let k(l) = -l + 7. Let h be k(4). Suppose -h*x + 20 = -16. What is the greatest common divisor of x and 30?
6
Let p be 2/(-2 - -4) - -26. Let d = -564 + 726. Calculate the highest common factor of d and p.
27
Let b = 131 - 95. What is the greatest common divisor of 288 and b?
36
Let z = -6124 - -1332. Let t be z/(-48) + (-1)/(-6). Calculate the highest common factor of t and 40.
20
Let a(j) = j. Let k be a(2). Let d(g) = 39*g + 2. Let l be d(k). Let w be 5 - ((-4 - 0) + -1). What is the highest common divisor of l and w?
10
Let u be -1 + 41 - (1 - 1). Suppose 0 = -7*q + 13 + 1. Suppose -5*a + 125 = q*r, 4*r - a + 3*a = 242. Calculate the greatest common factor of u and r.
20
Let c(h) = -h**3 + 13*h - 30. Let s be c(-5).